{"id":267,"date":"2021-03-17T10:07:13","date_gmt":"2021-03-17T09:07:13","guid":{"rendered":"https:\/\/elracodeliris.com\/?page_id=267"},"modified":"2021-05-18T19:46:26","modified_gmt":"2021-05-18T18:46:26","slug":"terapies","status":"publish","type":"page","link":"https:\/\/elracodeliris.com\/cat\/terapies\/","title":{"rendered":"Ter\u00e0pies"},"content":{"rendered":"\t\t<div data-elementor-type=\"wp-page\" data-elementor-id=\"267\" class=\"elementor elementor-267\">\n\t\t\t\t\t\t<section class=\"elementor-section elementor-top-section elementor-element elementor-element-4bf53dc elementor-section-boxed elementor-section-height-default elementor-section-height-default\" data-id=\"4bf53dc\" data-element_type=\"section\">\n\t\t\t\t\t\t<div class=\"elementor-container elementor-column-gap-default\">\n\t\t\t\t\t<div class=\"elementor-column elementor-col-100 elementor-top-column elementor-element elementor-element-1187001\" data-id=\"1187001\" data-element_type=\"column\">\n\t\t\t<div class=\"elementor-widget-wrap elementor-element-populated\">\n\t\t\t\t\t\t<div class=\"elementor-element elementor-element-e5939df elementor-widget elementor-widget-spacer\" data-id=\"e5939df\" data-element_type=\"widget\" data-widget_type=\"spacer.default\">\n\t\t\t\t<div class=\"elementor-widget-container\">\n\t\t\t\t\t\t\t<div class=\"elementor-spacer\">\n\t\t\t<div class=\"elementor-spacer-inner\"><\/div>\n\t\t<\/div>\n\t\t\t\t\t\t<\/div>\n\t\t\t\t<\/div>\n\t\t\t\t<div class=\"elementor-element elementor-element-0243463 elementor-widget elementor-widget-heading\" data-id=\"0243463\" data-element_type=\"widget\" data-widget_type=\"heading.default\">\n\t\t\t\t<div class=\"elementor-widget-container\">\n\t\t\t\t\t<h2 class=\"elementor-heading-title elementor-size-default\">Ter\u00e0pies <\/h2>\t\t\t\t<\/div>\n\t\t\t\t<\/div>\n\t\t\t\t<div class=\"elementor-element elementor-element-ae2e13c elementor-widget elementor-widget-spacer\" data-id=\"ae2e13c\" data-element_type=\"widget\" data-widget_type=\"spacer.default\">\n\t\t\t\t<div class=\"elementor-widget-container\">\n\t\t\t\t\t\t\t<div class=\"elementor-spacer\">\n\t\t\t<div class=\"elementor-spacer-inner\"><\/div>\n\t\t<\/div>\n\t\t\t\t\t\t<\/div>\n\t\t\t\t<\/div>\n\t\t\t\t\t<\/div>\n\t\t<\/div>\n\t\t\t\t\t<\/div>\n\t\t<\/section>\n\t\t\t\t<section class=\"elementor-section elementor-top-section elementor-element elementor-element-255c55f elementor-section-boxed elementor-section-height-default elementor-section-height-default\" data-id=\"255c55f\" data-element_type=\"section\">\n\t\t\t\t\t\t<div class=\"elementor-container elementor-column-gap-default\">\n\t\t\t\t\t<div class=\"elementor-column elementor-col-50 elementor-top-column elementor-element elementor-element-f464db6\" data-id=\"f464db6\" data-element_type=\"column\">\n\t\t\t<div class=\"elementor-widget-wrap elementor-element-populated\">\n\t\t\t\t\t\t<div class=\"elementor-element elementor-element-839d0e6 elementor-align-center elementor-widget elementor-widget-button\" data-id=\"839d0e6\" data-element_type=\"widget\" data-widget_type=\"button.default\">\n\t\t\t\t<div class=\"elementor-widget-container\">\n\t\t\t\t\t\t\t\t\t<div class=\"elementor-button-wrapper\">\n\t\t\t\t\t<a class=\"elementor-button elementor-button-link elementor-size-sm elementor-animation-grow\" href=\"https:\/\/elracodeliris.com\/cat\/terapia-individual\/\">\n\t\t\t\t\t\t<span class=\"elementor-button-content-wrapper\">\n\t\t\t\t\t\t\t\t\t<span class=\"elementor-button-text\">Ter\u00e0pia Individual<\/span>\n\t\t\t\t\t<\/span>\n\t\t\t\t\t<\/a>\n\t\t\t\t<\/div>\n\t\t\t\t\t\t\t\t<\/div>\n\t\t\t\t<\/div>\n\t\t\t\t\t<\/div>\n\t\t<\/div>\n\t\t\t\t<div class=\"elementor-column elementor-col-50 elementor-top-column elementor-element elementor-element-c873ba7\" data-id=\"c873ba7\" data-element_type=\"column\">\n\t\t\t<div class=\"elementor-widget-wrap elementor-element-populated\">\n\t\t\t\t\t\t<div class=\"elementor-element elementor-element-a98903b elementor-align-center elementor-widget elementor-widget-button\" data-id=\"a98903b\" data-element_type=\"widget\" data-widget_type=\"button.default\">\n\t\t\t\t<div class=\"elementor-widget-container\">\n\t\t\t\t\t\t\t\t\t<div class=\"elementor-button-wrapper\">\n\t\t\t\t\t<a class=\"elementor-button elementor-button-link elementor-size-sm elementor-animation-grow\" href=\"https:\/\/elracodeliris.com\/cat\/terapia-relacional\/\">\n\t\t\t\t\t\t<span class=\"elementor-button-content-wrapper\">\n\t\t\t\t\t\t\t\t\t<span class=\"elementor-button-text\">Ter\u00e0pia Relacional<\/span>\n\t\t\t\t\t<\/span>\n\t\t\t\t\t<\/a>\n\t\t\t\t<\/div>\n\t\t\t\t\t\t\t\t<\/div>\n\t\t\t\t<\/div>\n\t\t\t\t\t<\/div>\n\t\t<\/div>\n\t\t\t\t\t<\/div>\n\t\t<\/section>\n\t\t\t\t<section class=\"elementor-section elementor-top-section elementor-element elementor-element-da14c2f elementor-section-boxed elementor-section-height-default elementor-section-height-default\" data-id=\"da14c2f\" data-element_type=\"section\">\n\t\t\t\t\t\t<div class=\"elementor-container elementor-column-gap-default\">\n\t\t\t\t\t<div class=\"elementor-column elementor-col-100 elementor-top-column elementor-element elementor-element-dc1caa6\" data-id=\"dc1caa6\" data-element_type=\"column\">\n\t\t\t<div class=\"elementor-widget-wrap elementor-element-populated\">\n\t\t\t\t\t\t<div class=\"elementor-element elementor-element-7e82f2d elementor-widget elementor-widget-spacer\" data-id=\"7e82f2d\" data-element_type=\"widget\" data-widget_type=\"spacer.default\">\n\t\t\t\t<div class=\"elementor-widget-container\">\n\t\t\t\t\t\t\t<div class=\"elementor-spacer\">\n\t\t\t<div class=\"elementor-spacer-inner\"><\/div>\n\t\t<\/div>\n\t\t\t\t\t\t<\/div>\n\t\t\t\t<\/div>\n\t\t\t\t\t<\/div>\n\t\t<\/div>\n\t\t\t\t\t<\/div>\n\t\t<\/section>\n\t\t\t\t<section class=\"elementor-section elementor-top-section elementor-element elementor-element-1fc7900d elementor-section-boxed elementor-section-height-default elementor-section-height-default\" data-id=\"1fc7900d\" data-element_type=\"section\">\n\t\t\t\t\t\t<div class=\"elementor-container elementor-column-gap-default\">\n\t\t\t\t\t<div class=\"elementor-column elementor-col-33 elementor-top-column elementor-element elementor-element-1e8f2388\" data-id=\"1e8f2388\" data-element_type=\"column\">\n\t\t\t<div class=\"elementor-widget-wrap elementor-element-populated\">\n\t\t\t\t\t\t<div class=\"elementor-element elementor-element-2746e2c4 elementor-widget elementor-widget-shortcode\" data-id=\"2746e2c4\" data-element_type=\"widget\" data-widget_type=\"shortcode.default\">\n\t\t\t\t<div class=\"elementor-widget-container\">\n\t\t\t\t\t\t\t<div class=\"elementor-shortcode\">[addthis tool=\"addthis_inline_share_toolbox\"]<\/div>\n\t\t\t\t\t\t<\/div>\n\t\t\t\t<\/div>\n\t\t\t\t\t<\/div>\n\t\t<\/div>\n\t\t\t\t<div class=\"elementor-column elementor-col-33 elementor-top-column elementor-element elementor-element-5bc77864\" data-id=\"5bc77864\" data-element_type=\"column\">\n\t\t\t<div class=\"elementor-widget-wrap\">\n\t\t\t\t\t\t\t<\/div>\n\t\t<\/div>\n\t\t\t\t<div class=\"elementor-column elementor-col-33 elementor-top-column elementor-element elementor-element-1f965c38\" data-id=\"1f965c38\" data-element_type=\"column\">\n\t\t\t<div class=\"elementor-widget-wrap\">\n\t\t\t\t\t\t\t<\/div>\n\t\t<\/div>\n\t\t\t\t\t<\/div>\n\t\t<\/section>\n\t\t\t\t<\/div>\n\t\t","protected":false},"excerpt":{"rendered":"<p>Ter\u00e0pies Ter\u00e0pia Individual Ter\u00e0pia Relacional [addthis tool=&#8221;addthis_inline_share_toolbox&#8221;]<\/p>\n","protected":false},"author":2,"featured_media":0,"parent":0,"menu_order":0,"comment_status":"closed","ping_status":"closed","template":"","meta":{"site-sidebar-layout":"no-sidebar","site-content-layout":"page-builder","ast-site-content-layout":"default","site-content-style":"default","site-sidebar-style":"default","ast-global-header-display":"","ast-banner-title-visibility":"","ast-main-header-display":"","ast-hfb-above-header-display":"","ast-hfb-below-header-display":"","ast-hfb-mobile-header-display":"","site-post-title":"disabled","ast-breadcrumbs-content":"","ast-featured-img":"disabled","footer-sml-layout":"","ast-disable-related-posts":"","theme-transparent-header-meta":"default","adv-header-id-meta":"","stick-header-meta":"","header-above-stick-meta":"","header-main-stick-meta":"","header-below-stick-meta":"","astra-migrate-meta-layouts":"default","ast-page-background-enabled":"default","ast-page-background-meta":{"desktop":{"background-color":"","background-image":"","background-repeat":"repeat","background-position":"center center","background-size":"auto","background-attachment":"scroll","background-type":"","background-media":"","overlay-type":"","overlay-color":"","overlay-opacity":"","overlay-gradient":""},"tablet":{"background-color":"","background-image":"","background-repeat":"repeat","background-position":"center center","background-size":"auto","background-attachment":"scroll","background-type":"","background-media":"","overlay-type":"","overlay-color":"","overlay-opacity":"","overlay-gradient":""},"mobile":{"background-color":"","background-image":"","background-repeat":"repeat","background-position":"center center","background-size":"auto","background-attachment":"scroll","background-type":"","background-media":"","overlay-type":"","overlay-color":"","overlay-opacity":"","overlay-gradient":""}},"ast-content-background-meta":{"desktop":{"background-color":"var(--ast-global-color-5)","background-image":"","background-repeat":"repeat","background-position":"center center","background-size":"auto","background-attachment":"scroll","background-type":"","background-media":"","overlay-type":"","overlay-color":"","overlay-opacity":"","overlay-gradient":""},"tablet":{"background-color":"var(--ast-global-color-5)","background-image":"","background-repeat":"repeat","background-position":"center center","background-size":"auto","background-attachment":"scroll","background-type":"","background-media":"","overlay-type":"","overlay-color":"","overlay-opacity":"","overlay-gradient":""},"mobile":{"background-color":"var(--ast-global-color-5)","background-image":"","background-repeat":"repeat","background-position":"center center","background-size":"auto","background-attachment":"scroll","background-type":"","background-media":"","overlay-type":"","overlay-color":"","overlay-opacity":"","overlay-gradient":""}},"footnotes":""},"class_list":["post-267","page","type-page","status-publish","hentry"],"yoast_head":"<!-- This site is optimized with the Yoast SEO plugin v26.5 - https:\/\/yoast.com\/wordpress\/plugins\/seo\/ -->\n<title>Ter\u00e0pies - El Raco Deliris<\/title>\n<meta name=\"robots\" content=\"noindex, follow, max-snippet:-1, max-image-preview:large, max-video-preview:-1\" \/>\n<meta property=\"og:locale\" content=\"ca_ES\" \/>\n<meta property=\"og:type\" content=\"article\" \/>\n<meta property=\"og:title\" content=\"Ter\u00e0pies - El Raco Deliris\" \/>\n<meta property=\"og:description\" content=\"Ter\u00e0pies Ter\u00e0pia Individual Ter\u00e0pia Relacional [addthis tool=&#8221;addthis_inline_share_toolbox&#8221;]\" \/>\n<meta property=\"og:url\" content=\"https:\/\/elracodeliris.com\/cat\/terapies\/\" \/>\n<meta property=\"og:site_name\" content=\"El Raco Deliris\" \/>\n<meta property=\"article:modified_time\" content=\"2021-05-18T18:46:26+00:00\" \/>\n<meta name=\"twitter:card\" content=\"summary_large_image\" \/>\n<meta name=\"twitter:label1\" content=\"Est. reading time\" \/>\n\t<meta name=\"twitter:data1\" content=\"1 minute\" \/>\n<script type=\"application\/ld+json\" class=\"yoast-schema-graph\">{\"@context\":\"https:\/\/schema.org\",\"@graph\":[{\"@type\":\"WebPage\",\"@id\":\"https:\/\/elracodeliris.com\/cat\/terapies\/\",\"url\":\"https:\/\/elracodeliris.com\/cat\/terapies\/\",\"name\":\"Ter\u00e0pies - El Raco Deliris\",\"isPartOf\":{\"@id\":\"https:\/\/elracodeliris.com\/cat\/#website\"},\"datePublished\":\"2021-03-17T09:07:13+00:00\",\"dateModified\":\"2021-05-18T18:46:26+00:00\",\"breadcrumb\":{\"@id\":\"https:\/\/elracodeliris.com\/cat\/terapies\/#breadcrumb\"},\"inLanguage\":\"ca-ES\",\"potentialAction\":[{\"@type\":\"ReadAction\",\"target\":[\"https:\/\/elracodeliris.com\/cat\/terapies\/\"]}]},{\"@type\":\"BreadcrumbList\",\"@id\":\"https:\/\/elracodeliris.com\/cat\/terapies\/#breadcrumb\",\"itemListElement\":[{\"@type\":\"ListItem\",\"position\":1,\"name\":\"Portada\",\"item\":\"https:\/\/elracodeliris.com\/cat\/\"},{\"@type\":\"ListItem\",\"position\":2,\"name\":\"Ter\u00e0pies\"}]},{\"@type\":\"WebSite\",\"@id\":\"https:\/\/elracodeliris.com\/cat\/#website\",\"url\":\"https:\/\/elracodeliris.com\/cat\/\",\"name\":\"El Raco Deliris\",\"description\":\"Enam\u00f3rate de ti y de la vida\",\"publisher\":{\"@id\":\"https:\/\/elracodeliris.com\/cat\/#organization\"},\"potentialAction\":[{\"@type\":\"SearchAction\",\"target\":{\"@type\":\"EntryPoint\",\"urlTemplate\":\"https:\/\/elracodeliris.com\/cat\/?s={search_term_string}\"},\"query-input\":{\"@type\":\"PropertyValueSpecification\",\"valueRequired\":true,\"valueName\":\"search_term_string\"}}],\"inLanguage\":\"ca-ES\"},{\"@type\":\"Organization\",\"@id\":\"https:\/\/elracodeliris.com\/cat\/#organization\",\"name\":\"El Raco Deliris\",\"url\":\"https:\/\/elracodeliris.com\/cat\/\",\"logo\":{\"@type\":\"ImageObject\",\"inLanguage\":\"ca-ES\",\"@id\":\"https:\/\/elracodeliris.com\/cat\/#\/schema\/logo\/image\/\",\"url\":\"https:\/\/i0.wp.com\/elracodeliris.com\/cat\/wp-content\/uploads\/sites\/3\/2021\/03\/logo-Iris-adaptado-scaled.jpg?fit=2560%2C988&ssl=1\",\"contentUrl\":\"https:\/\/i0.wp.com\/elracodeliris.com\/cat\/wp-content\/uploads\/sites\/3\/2021\/03\/logo-Iris-adaptado-scaled.jpg?fit=2560%2C988&ssl=1\",\"width\":2560,\"height\":988,\"caption\":\"El Raco Deliris\"},\"image\":{\"@id\":\"https:\/\/elracodeliris.com\/cat\/#\/schema\/logo\/image\/\"}}]}<\/script>\n<!-- \/ Yoast SEO plugin. -->","yoast_head_json":{"title":"Ter\u00e0pies - El Raco Deliris","robots":{"index":"noindex","follow":"follow","max-snippet":"max-snippet:-1","max-image-preview":"max-image-preview:large","max-video-preview":"max-video-preview:-1"},"og_locale":"ca_ES","og_type":"article","og_title":"Ter\u00e0pies - El Raco Deliris","og_description":"Ter\u00e0pies Ter\u00e0pia Individual Ter\u00e0pia Relacional [addthis tool=&#8221;addthis_inline_share_toolbox&#8221;]","og_url":"https:\/\/elracodeliris.com\/cat\/terapies\/","og_site_name":"El Raco Deliris","article_modified_time":"2021-05-18T18:46:26+00:00","twitter_card":"summary_large_image","twitter_misc":{"Est. reading time":"1 minute"},"schema":{"@context":"https:\/\/schema.org","@graph":[{"@type":"WebPage","@id":"https:\/\/elracodeliris.com\/cat\/terapies\/","url":"https:\/\/elracodeliris.com\/cat\/terapies\/","name":"Ter\u00e0pies - El Raco Deliris","isPartOf":{"@id":"https:\/\/elracodeliris.com\/cat\/#website"},"datePublished":"2021-03-17T09:07:13+00:00","dateModified":"2021-05-18T18:46:26+00:00","breadcrumb":{"@id":"https:\/\/elracodeliris.com\/cat\/terapies\/#breadcrumb"},"inLanguage":"ca-ES","potentialAction":[{"@type":"ReadAction","target":["https:\/\/elracodeliris.com\/cat\/terapies\/"]}]},{"@type":"BreadcrumbList","@id":"https:\/\/elracodeliris.com\/cat\/terapies\/#breadcrumb","itemListElement":[{"@type":"ListItem","position":1,"name":"Portada","item":"https:\/\/elracodeliris.com\/cat\/"},{"@type":"ListItem","position":2,"name":"Ter\u00e0pies"}]},{"@type":"WebSite","@id":"https:\/\/elracodeliris.com\/cat\/#website","url":"https:\/\/elracodeliris.com\/cat\/","name":"El Raco Deliris","description":"Enam\u00f3rate de ti y de la vida","publisher":{"@id":"https:\/\/elracodeliris.com\/cat\/#organization"},"potentialAction":[{"@type":"SearchAction","target":{"@type":"EntryPoint","urlTemplate":"https:\/\/elracodeliris.com\/cat\/?s={search_term_string}"},"query-input":{"@type":"PropertyValueSpecification","valueRequired":true,"valueName":"search_term_string"}}],"inLanguage":"ca-ES"},{"@type":"Organization","@id":"https:\/\/elracodeliris.com\/cat\/#organization","name":"El Raco Deliris","url":"https:\/\/elracodeliris.com\/cat\/","logo":{"@type":"ImageObject","inLanguage":"ca-ES","@id":"https:\/\/elracodeliris.com\/cat\/#\/schema\/logo\/image\/","url":"https:\/\/i0.wp.com\/elracodeliris.com\/cat\/wp-content\/uploads\/sites\/3\/2021\/03\/logo-Iris-adaptado-scaled.jpg?fit=2560%2C988&ssl=1","contentUrl":"https:\/\/i0.wp.com\/elracodeliris.com\/cat\/wp-content\/uploads\/sites\/3\/2021\/03\/logo-Iris-adaptado-scaled.jpg?fit=2560%2C988&ssl=1","width":2560,"height":988,"caption":"El Raco Deliris"},"image":{"@id":"https:\/\/elracodeliris.com\/cat\/#\/schema\/logo\/image\/"}}]}},"jetpack_sharing_enabled":true,"_links":{"self":[{"href":"https:\/\/elracodeliris.com\/cat\/wp-json\/wp\/v2\/pages\/267","targetHints":{"allow":["GET"]}}],"collection":[{"href":"https:\/\/elracodeliris.com\/cat\/wp-json\/wp\/v2\/pages"}],"about":[{"href":"https:\/\/elracodeliris.com\/cat\/wp-json\/wp\/v2\/types\/page"}],"author":[{"embeddable":true,"href":"https:\/\/elracodeliris.com\/cat\/wp-json\/wp\/v2\/users\/2"}],"replies":[{"embeddable":true,"href":"https:\/\/elracodeliris.com\/cat\/wp-json\/wp\/v2\/comments?post=267"}],"version-history":[{"count":29,"href":"https:\/\/elracodeliris.com\/cat\/wp-json\/wp\/v2\/pages\/267\/revisions"}],"predecessor-version":[{"id":2811,"href":"https:\/\/elracodeliris.com\/cat\/wp-json\/wp\/v2\/pages\/267\/revisions\/2811"}],"wp:attachment":[{"href":"https:\/\/elracodeliris.com\/cat\/wp-json\/wp\/v2\/media?parent=267"}],"curies":[{"name":"wp","href":"https:\/\/api.w.org\/{rel}","templated":true}]}}